 4)) + 3 + 0.
0
Calculate 0 + 7 - (-14 + 16).
5
What is 6 - ((1 - (6 - 1)) + 5)?
5
Evaluate 4 + 3 - (8 - 6).
5
Calculate 6 - (-1 + -2 + 6 - 2).
5
3 + -2 + 10 - 7
4
Calculate (-1 - 4) + 13 + -11.
-3
What is (1 - 8) + 0 + -20 + 25?
-2
What is 0 + -2 + -4 + -9 + 12?
-3
What is the value of -2 + 6 + -11 + (1 - -10)?
4
-3 - 4 - (-1 + -3)
-3
What is the value of (-8 - -11) + -7 + (6 - -1)?
3
Evaluate (-3 - -3) + 0 + 11 + -8.
3
Evaluate -5 - (0 + -6 + 7).
-6
-1 + -1 - (-73 - -61)
10
Calculate 6 + -1 - (22 + -14).
-3
Calculate 0 - 3 - (2 - (-1 + 11)).
5
What is -1 - (0 + -1 + -26 + 21)?
5
Evaluate 0 + -2 - (-16 + 26 + -16).
4
Calculate 4 + -1 + -3 + 2.
2
Evaluate (0 - (6 + 4) - -4) + 1.
-5
What is the value of 18 - 20 - (3 + -1 + -1)?
-3
Calculate (0 - -2) + (0 - (1 - -2)).
-1
What is the value of 8 + -12 + 4 - -3?
3
What is the value of (6 - 3) + (2 - 4)?
1
What is the value of -5 + (5 - 9) + 3?
-6
-1 - 4 - (-20 - -18)
-3
0 + 1 - (-19 - -21)
-1
What is the value of 8 - (-4 + 8 - -1) - 5?
-2
-5 + -4 + 10 + -1
0
What is 3 + 1 + (0 - 5 - 3)?
-4
-13 - -1 - (-2 - 1)
-9
Calculate 2 - 0 - 0 - (0 - 1).
3
11 + -13 - (-1 + 0)
-1
Calculate (9 - 1) + (-167 - -163).
4
Evaluate -4 + (5 - 1 - -5).
5
Evaluate (-100 - -98) + (-1 + 2 - -5).
4
What is 3 + (5 - (5 + 1))?
2
Calculate (21 - 29) + (2 - 2 - -10).
2
(4 - (3 + 4)) + 0
-3
Evaluate 5 + 0 + -2 - 6.
-3
Evaluate 4 + (1 - 3 - (-7 + 6)).
3
Evaluate -10 - (-10 + (4 - 6)).
2
Calculate 1 + -12 - -12 - (0 - -2).
-1
-12 - -21 - 9 - (-1 - 2)
3
Calculate 10 - 18 - (-2 - 1).
-5
Evaluate 1 - -3 - (1 + -2 + 0).
5
What is -1 - -3 - ((6 - 11) + 14)?
-7
What is the value of -2 - 5 - -3 - (-4 + -1)?
1
Evaluate (7 - (-4 + 8)) + 0 + -1.
2
-2 - -10 - (2 + 2)
4
What is the value of (-8 - (3 + -4)) + -11 + 13?
-5
Calculate 1 - (-3 - (1 + 0 - 3)).
2
Calculate -3 + 1 + 2 + 1 + -2.
-1
Evaluate (-9 - -8) + 1 + -2 + 2.
0
What is the value of -2 + -1 + 0 + -2?
-5
(1 - (-8 + 7)) + 0
2
What is the value of (8 - (8 + -2) - 3) + 3?
2
Evaluate (-10 - -7) + 0 - (1 + 0).
-4
Calculate 0 + 2 + (-7 - (-1 - 2)).
-2
Evaluate -4 - -3 - (-3 + 1 - -5).
-4
What is the value of -10 + 7 - -11 - 5?
3
(-4 - -1 - 1) + 5 + 3
4
What is 11 - (10 + 14 + -20)?
7
What is (9 - -1) + -3 + (-5 - -3)?
5
Evaluate 7 + 4 + (2 - (4 - -5)).
4
Evaluate -1 + -8 - (12 + (-28 - -14)).
-7
Calculate 1 - 1 - (-1 + 3 + -7).
5
9 + -6 + 3 + -12
-6
What is -1 + (-1 - -1) - (109 - 107)?
-3
What is the value of (-7 + 3 - -2) + 1?
-1
7 + -11 - -5 - -2
3
What is the value of -10 + 0 - (-170 - -164)?
-4
Evaluate -3 + (-4 - 1) + -61 + 60.
-9
What is 3 + -1 - (9 + -17 + 6)?
4
What is the value of (-1 - 1) + 8 + (1 - 10)?
-3
Calculate 3 + (2 - 6) + (3 - 1).
1
What is (7 - (17 - 2)) + 0 + 2?
-6
What is the value of 12 + -7 + 1 + 1 + -5?
2
What is the value of (6 - 4) + 5 - 3 - 9?
-5
Evaluate 15 - (8 + (-3 - -5)).
5
0 - (-15 + (22 - 11))
4
-8 - ((-8 - 3) + 8)
-5
Evaluate 212 - 213 - (-1 - -4).
-4
Calculate (-2 + 1 + 0 - -3) + 4.
6
What is (-1 - 2) + 3 + -1?
-1
What is the value of 2 - (4 - 3) - (3 + 0)?
-2
Calculate -6 + 4 + (-5 - -1 - -4).
-2
Calculate -1 - 3 - (13 + -2 - 11).
-4
Calculate (-4 - -3) + -11 + 6.
-6
What is the value of 3 + (-8 - (-3 - -1) - -2)?
-1
-2 + (-1 - (-1 + (4 - -2)))
-8
What is the value of (-23 - -4 - -11) + 7?
-1
Evaluate -4 + -1 + 2 + 0.
-3
-5 - (-3 + (3 - 4))
-1
Calculate 0 - ((4 - (3 + 1)) + 1).
-1
Calculate -3 - 3 - (14 + -15).
-5
What is 7 - -1 - (2 + 0) - 3?
3
Calculate (10 - (5 - (3 - 1))) + -5.
2
What is (2 - 1) + -2 - (42 - 44)?
1
What is the value of -11 + 0 + (-11 - -18)?
-4
What is (-5 + 11 - 2) + -4?
0
What is the value of 4 + (-2 - (-1 - (-8 + 5)))?
0
Evaluate 3 - ((-5 + -1 - -8) + 2).
-1
Evaluate 2 + 0 - (-2 + (2 - 3)).
5
Calculate (-14 - -6) + 6 + 10 + -5.
3
What is the value of (0 - -5) + (-20 - -3 - -5)?
-7
Calculate -3 + -4 + 1 + -5 + 8.
-3
5 - ((9 - 8) + -4 - -2)
6
Calculate -1 - 1 - ((-3 - 2) + 2).
1
Evaluate (-7 - 6) + 10 - -10.
7
What is the value of (9 - 2 - 3) + 0?
4
What is the value of (-2 - (7 - 2) - -6) + 1?
0
32 + -33 + (-3 - -2) + -5
-7
What is the value of -4 + -4 + 7 + -3 + 10?
6
-7 + (-4 + 21 - 0)
10
What is the value of -5 + (-4 + -2 - -7 - -4)?
0
What is the value of -4 - -5 - ((-3 - -6) + -6)?
4
Calculate -1 - 0 - (10 + -9).
-2
Evaluate 1 + (0 - -8) - 16.
-7
What is -4 + -1 + 0 - 0?
-5
What is 4 - (4 - (-1 + 4))?
3
What is 0 - (1 + 2 + -4)?
1
Calculate (0 - 3) + -4 + -4 + 6.
-5
Evaluate 0 + 5 + -2 - (0 - -1).
2
What is 7 + -1 - (3 - (0 + 1))?
4
What is 1 - (1 - (1 - -1 - 3))?
-1
What is -1 - (-4 - -4) - 1?
-2
What is (6 - -1) + (-10 - (-12 + 6))?
3
10 - (-5 + 13 + -5)
7
What is (-3 - -7) + -7 - -2?
-1
What is 21 + 1 + -23 - (4 - 1)?
-4
What is the value of 2 - ((5 - 2) + 3)?
-4
Calculate 4 + 1 + -4 + 4.
5
Evaluate -6 - (-2 + 0 + (-53 - -50)).
-1
What is the value of -5 + 10 + -6 + -3?
-4
Evaluate 3 - (-7 + 2 - -1).
7
Calculate -9 + (4 - 4) - -18.
9
Calculate 4 - 11 - (0 + 1 - 19).
11
What is the value of -14 + 2 - (-95 - -83)?
0
What is the value of 13 + (8 - 13) + -6 + 5?
7
What is 9 - 7 - 12 - -16?
6
What is the value of (-6 + 7 - -4) + -1?
4
What is -5 + (4 - (8 + 2 - 3))?
-8
-7 + (-1 - 6) + 8
-6
What is -2 + 4 + 1 + -9 + 1?
-5
Calculate -9 - (-8 - (-9 - -8)).
-2
Calculate -4 + 18 - (15 + -2).
1
What is the value of -2 + -1 - 0 - -5?
2
What is 3 + (-1 - -2) + -3?
1
What is 6 + -3 + 2 + -180 + 171?
-4
What is the value of -3 + 11 - (0 - -4)?
4
What is the value of 5 + (-3 - -4) + -1 + 0?
5
What is the value of 3 + -7 + (-4 - 0) + 7?
-1
-2 + 9 + (0 - 1)
6
What is 6 + (10 - 9) + -4?
3
-8 - -11 - (4 - 2)
1
Calculate -10 + 5 - (6 - 6 - 0).
-5
What is 2 + 2 - -1 - 4?
1
What is the value of -1 + -2 + (-2 - (0 - 0))?
-5
What is 6 + (3 + -3 + 1 - 2)?
5
Evaluate -1 - 1 - (7 + -1 - 11).
3
Evaluate 3 + -8 + (-2 - -6 - -2).
1
Calculate 0 - 2 - (-8 + 13 + -9).
2
Calculate 0 - 5 - (-4 + 1).
-2
Evaluate 35 - 29 - (3 + 1 + -1).
3
Calculate (-2 - 1) + -7 + 11.
1
What is the value of -2 + -7 + (14 - (6 - -1))?
-2
Evaluate -11 + (4 - (5 + (-12 - -6))).
-6
What is the value of -5 + 4 + 0 + 4?
3
Evaluate -4 - (-2 - (-4 - -8)).
2
Evaluate (2 - 1) + 74 + -75.
0
-4 + 3 + -6 - -4
-3
Evaluate 0 - (12 + (0 - 6)).
-6
What is 7 + (-2 - 1) + -26 + 24?
2
Calculate -6 + (-10 - 3 - -10).
-9
What is 4 - (0 - (0 - 0) - 0)?
4
What is the value of -11 + 8 + 1 + 4 - 5?
-3
What is the value of 21 + -7 + -2 - 17?
-5
What is 4 - (-4 - (5 + -12))?
1
Evaluate (-10 - -6 - -6) + -8.
-6
Evaluate 0 + 6 + (1 - (4 + -1)).
4
Calculate (-2 - -1 - (-15 + 12)) + 4.
6
What is the value of 3 - (-1 + 3 + 3 + 1)?
-3
What is 4 + 3 + 3 + 4 + -19?
-5
4 - ((-2 - 0) + (3 - -1))
2
What is the value of 1 + 5 - (4 + -5 + 13)?
-6
What is -2 - (-2 + (0 + -2 - -5))?
-3
Evaluate 13 - (7 - (-5 - 4)).
-3
What is the value of -9 - ((-5 - -5 - 7) + 0)?
-2
What is the value of 1 + (-9 - -5) + 3?
0
-20 - -16 - (0 + 0)
-4
Calculate (-11 + 6 - (-3 - -3)) + 1.
-4
Calculate -9 - -1 - (18 - 24).
-2
Evaluate 20 - ((-14 - -2) + 22).
10
What is the value of 2 + 5 + -2 + -1 - 9?
-5
Evaluate -8 + 1 - (-8 - 3).
4
9 + (7 - 6) + -9
1
What is the value of -1 + 2 + -5 + 7?
3
Calculate -3 + 10 + (2 - 4) + -1.
4
3 + -5 + (-7 - (1 - 5))
-5
What is -5 + -1 + 6 - 3 - -8?
5
Evaluate 10 - ((7 - 3) + 0 + 1).
5
What is 1 + -8 + 24 + -7?
10
What is (3 - 1) + -8 - -5?
-1
Evaluate 3 - -2 - 3 - (1 - -1).
0
What is the value of 3 + -3 + (4 - 1 - -2)?
5
What is -5 - (5 + -4 - 9)?
3
-2 - (0 + 0) - (5 - 6)
-1
Calculate -3 - (1 + (5 - 3)).
-6
Calculate 10 - (-8 + 5 - -20).
-7
-1 - 3 - (2 - 7)
1
-4 - -13 - (-4 + 2 + 5)
6
Calculate -8 + 0 + -3 + 6 + 1.
-4
Evaluate (-27 - (24 + -33)) + (1 - -7).
-10
Calculate 0 + 5 - (3 - 2).
4
Calculate -3 + -6 + 16 + (-1 - 3).
3
-1 - (-5 - (3 - (7 - 3)))
3
-2 + (12 - (18 + -11))
3
Calculate 5 + 4 + -1 + -3 + 0.
5
What is the value of -11 + 3 + 3 - -3?
-2
-3 + 6 + -1 + -2
0
Calculate -2 + 6 + -7 - -5.
2
(0 - 3) + 10 - (2 + 4)
1
Calculate 17 + 7 + -15 + -1.
8
(3 + 5 - 12) + 0 + -1
-5
What is the value of -4 + (8 - 3) + -8?
-7
What is 7 + 4 + (-25 - -18)?
4
What is 6 - (9 + -2 - 5)?
4
What is -3 + 5 + 0 + -3?
-1
Evaluate 3 + 5 + 0 - (3 - 0).
5
What is -12 + 7 + (-2 - -3) - -4?
0
What is the value of (0 - -1) + -1 + -7 - -3?
-4
-4 + -4 + (3 - (-2 - -1))
-4
Calculate 2 + 3 + -1 + -2.
2
What is the value o